28
Let n(w) = 1809*w - 27143. Determine n(15).
-8
Let o(t) = 47*t - 363. Give o(8).
13
Let u(i) = -i**3 + 36*i**2 - 34*i - 6. Calculate u(35).
29
Let v(z) = -550*z - 3281. Give v(-6).
19
Let n(r) = -283*r + 2833. Determine n(10).
3
Let m(a) = 26*a**2 + 79*a + 160. Determine m(-2).
106
Let s(k) = -47*k - 114. Determine s(5).
-349
Let p(z) = -z**3 - 8*z**2 - 31*z - 83. Calculate p(-4).
-23
Let t(y) = -211*y - 10746. What is t(-51)?
15
Let j(r) = -6*r**2 + 53*r + 37. Determine j(10).
-33
Let p(b) = -2*b**3 + 298*b**2 + 5. Calculate p(149).
5
Let g(d) = d**3 - 22*d**2 + 13*d + 87. Give g(18).
-975
Let t(a) = a**3 + 12*a**2 - 12*a + 69. Calculate t(-14).
-155
Let t(s) = 8*s - 344. Calculate t(42).
-8
Let k(s) = s**2 - 1321*s + 11833. Calculate k(9).
25
Let i(t) = 2*t**2 - 322*t + 4371. Calculate i(15).
-9
Let q(c) = 64*c**2 - 1347*c + 44. Calculate q(21).
-19
Let c(y) = 4*y - 40. Determine c(-20).
-120
Let f(w) = -2*w**2 - 68*w + 213. Calculate f(-37).
-9
Let y(v) = 2*v**3 - 88*v**2 - 2*v + 84. What is y(44)?
-4
Let q(r) = -14*r**2 - 37*r + 159. What is q(4)?
-213
Let i(x) = -909*x - 243. Calculate i(-1).
666
Let y(a) = a**3 + 30*a**2 - 25*a - 2259. Calculate y(-28).
9
Let u(r) = r**3 + 14*r**2 + 12*r + 27. Give u(-13).
40
Let p(k) = k**2 + 7*k + 5. Calculate p(8).
125
Let f(t) = -118*t - 49. What is f(2)?
-285
Let a(q) = -484*q - 4716. Determine a(-10).
124
Let y(t) = 449*t + 67. Calculate y(0).
67
Let m(b) = -b**2 + 27*b - 106. Calculate m(18).
56
Let y(w) = 14*w - 131. Give y(23).
191
Let y(q) = -225*q - 892. What is y(-5)?
233
Let n(u) = -146*u - 1450. What is n(-10)?
10
Let g(x) = -x**3 + 85*x**2 - 1106*x + 7. Give g(16).
-25
Let z(i) = 3*i**2 + i - 21. Give z(6).
93
Let u(j) = 230*j + 1041. What is u(-5)?
-109
Let p(f) = f**3 + 47*f**2 - 53*f - 248. Determine p(-48).
-8
Let a(y) = y**3 + 62*y**2 - 266*y - 145. What is a(-66)?
-13
Let w(g) = 4099*g - 57379. Determine w(14).
7
Let w(p) = 107*p + 10194. Calculate w(-95).
29
Let h(i) = -i**3 - 6*i**2 - i - 10. Calculate h(-6).
-4
Let g(a) = 18*a - 293. Calculate g(18).
31
Let m(r) = 2*r**3 + 59*r**2 + 259*r - 37. Calculate m(-24).
83
Let c(y) = -122*y - 29395. Calculate c(-241).
7
Let g(f) = 125*f - 747. Calculate g(6).
3
Let u(x) = -3*x**2 - 326*x - 974. What is u(-3)?
-23
Let n(m) = 6*m**2 + 450*m + 13. Calculate n(-75).
13
Let x(w) = 38*w**3 - 6*w**2 - 6*w + 15. Determine x(2).
283
Let n(i) = -2*i**2 + 47*i - 260. Calculate n(9).
1
Let a(l) = 55*l - 848. Determine a(29).
747
Let g(j) = -669*j - 650. What is g(-1)?
19
Let y(g) = g**2 - 47*g + 137. What is y(31)?
-359
Let j(p) = p**2 - 22*p + 26. Determine j(21).
5
Let a(v) = v**3 + 23*v**2 - 16*v - 165. Give a(-22).
671
Let j(s) = -2*s**3 + 52*s**2 - 11*s + 295. Determine j(26).
9
Let b(d) = -9*d**3 + 168*d**2 + 43*d + 261. Calculate b(19).
-5
Let q(g) = -22*g - 37. What is q(0)?
-37
Let x(s) = 15*s - 62. Determine x(5).
13
Let p(k) = 42*k + 1105. Give p(-26).
13
Let q(x) = 93*x**2 + 97*x - 1. Give q(-1).
-5
Let x(r) = -10*r**3 + 65*r**2 + 39*r - 37. Calculate x(7).
-9
Let s(k) = k**3 - 17*k**2 + 12. Give s(17).
12
Let j(l) = 113*l + 9766. Calculate j(-86).
48
Let w(y) = y**2 + 24*y - 188. Determine w(-30).
-8
Let n(r) = -17*r**2 + 29*r + 95. What is n(-3)?
-145
Let k(u) = -244*u - 91. What is k(-1)?
153
Let v(f) = -50*f + 467. Give v(14).
-233
Let i(y) = -79*y + 93. What is i(13)?
-934
Let t(v) = -541*v + 556. Calculate t(1).
15
Let z(u) = 21*u - 8. What is z(-2)?
-50
Let s(f) = f**2 + 21*f - 527. Calculate s(-38).
119
Let b(j) = 5*j**2 + 32*j - 10. Give b(-6).
-22
Let n(w) = -2*w + 260. Give n(0).
260
Let c(b) = -2*b**2 + 159*b - 772. Give c(5).
-27
Let n(m) = -18*m + 581. Determine n(31).
23
Let g(w) = 90*w + 48. Give g(-1).
-42
Let k(c) = -10*c**2 - 42*c - 59. What is k(-5)?
-99
Let r(d) = 53*d - 305. Determine r(7).
66
Let y(k) = k**2 + 93*k + 267. Give y(-90).
-3
Let f(b) = -b**3 - 93*b**2 + 498*b + 779. What is f(-98)?
-5
Let a(x) = -2*x**2 - 135*x - 678. Calculate a(-62).
4
Let j(k) = 35*k**3 + 14*k**2 - 21*k - 4. What is j(2)?
290
Let z(i) = i**3 + 4*i**2 + 7*i + 1. Calculate z(-3).
-11
Let z(i) = 10*i**2 + 66*i + 121. Determine z(-3).
13
Let j(h) = h**3 - 52*h**2 + 56*h - 243. Give j(51).
12
Let l(a) = -3*a**3 + 24*a**2 - 17*a - 19. Give l(7).
9
Let r(k) = 10*k**3 - 101*k**2 + 3*k + 72. Determine r(10).
2
Let w(g) = g**2 + 12*g - 94. Calculate w(5).
-9
Let n(h) = h**3 - 59*h**2 - 1990*h - 179. Give n(83).
-13
Let f(c) = c**3 + 162*c**2 - 6*c - 988. Calculate f(-162).
-16
Let z(i) = -10*i**2 + 172*i - 169. Give z(1).
-7
Let a(q) = -q**2 - 47360*q + 189460. Calculate a(4).
4
Let x(g) = 14*g**2 + 3377*g + 722. What is x(-241)?
-1
Let y(f) = 19*f**3 - f**2 - 10*f + 15. Give y(2).
143
Let o(m) = m**3 + 27*m**2 + 35*m + 35. Give o(-26).
-199
Let k(w) = 256*w - 80127. Give k(313).
1
Let m(c) = -29*c + 25. Give m(-5).
170
Let v(f) = f**3 + 52*f**2 - 136*f + 1589. What is v(-55)?
-6
Let d(a) = -a**3 + 345*a**2 + 683*a + 3818. Give d(347).
1
Let z(c) = -c**2 - 45*c + 1460. Determine z(22).
-14
Let t(n) = 3*n**2 - 5*n + 7. Give t(-6).
145
Let m(f) = 2*f**3 - 64*f**2 + 507*f + 25. Calculate m(15).
-20
Let k(y) = -273*y**2 - 3*y - 1. Determine k(-1).
-271
Let x(z) = 118*z - 299. What is x(3)?
55
Let b(a) = -2*a**2 - 184*a - 185. Give b(-91).
-3
Let s(k) = -26*k**2 - k - 1. What is s(2)?
-107
Let o(a) = -51*a + 1722. Determine o(34).
-12
Let q(u) = 2*u**3 - 99*u**2 - 151*u - 119. What is q(51)?
-17
Let k(r) = -r**3 - 48*r**2 + 91*r + 2048. Determine k(-49).
-10
Let x(b) = -134*b + 1203. What is x(9)?
-3
Let v(m) = -m**2 + 72*m - 1197. Determine v(46).
-1
Let k(z) = z**3 - 17*z**2 - 57*z - 23. Determine k(20).
37
Let i(f) = 14*f**3 - 195*f**2 - 22*f - 3. Determine i(14).
-115
Let m(o) = 12*o**3 + 4*o**2 - o - 3. What is m(-3)?
-288
Let t(g) = -4*g**2 - 305*g - 226. Give t(-74).
440
Let f(n) = -6*n + 198. Determine f(35).
-12
Let n(u) = u**2 + 48*u + 144. What is n(-3)?
9
Let x(c) = -2*c**2 - 4*c + 28. Give x(8).
-132
Let d(x) = 444*x - 1784. Determine d(4).
-8
Let m(f) = -4*f**3 - 3*f**2 + 91*f + 19. Determine m(-5).
-11
Let b(m) = -184*m + 4308. What is b(23)?
76
Let c(g) = -15*g + 225. What is c(12)?
45
Let b(f) = -314*f + 705. Calculate b(2).
77
Let l(j) = 18*j**3 - 3*j**2 - 3*j + 4. What is l(2)?
130
Let j(b) = 1122*b - 16841. Give j(15).
-11
Let g(h) = 15*h - 104. Determine g(5).
-29
Let z(s) = 105*s**3 + 4*s**2 - 5. Give z(1).
104
Let s(i) = -3*i**2 - 403*i + 2916. Give s(7).
-52
Let b(w) = -2*w**2 + 66*w - 203. Give b(28).
77
Let b(u) = 27*u + 9. Give b(0).
9
Let l(d) = -d**3 + 6*d**2 + 41*d - 14. Determine l(10).
-4
Let y(p) = -p**3 + 23*p**2 - 95*p + 83. Give y(18).
-7
Let i(p) = 87*p + 14. Calculate i(-13).
-1117
Let a(f) = 7*f - 192. Give a(41).
95
Let s(w) = w**2 + 45*w + 262. Calculate s(-37).
-34
Let p(f) = 9*f**2 - 2*f - 7. Give p(1).
0
Let b(w) = 187*w - 18706. Calculate b(100).
-6
Let v(i) = 2*i**2 + 168*i - 1643. Determine v(9).
31
Let q(o) = -o**3 - 22*o**2 + 373*o + 331. Determine q(-33).
1
Let l(j) = 43*j + 463. What is l(-11)?
-10
Let f(r) = -44*r - 905. Calculate f(-18).
-113
Let d(z) = 2*z**2 - 532*z - 2162. Determine d(-4).
-2
Let w(y) = 2*y**2 + 48*y + 278. What is w(-12)?
-10
Let v(c) = -41*c**2 - 13*c - 14. What is v(-1)?
-42
Let t(m) = m**3 - m**2 + 22*m - 51. What is t(3)?
33
Let f(r) = 5*r**3 + 13*r**2 + 5. Give f(-2).
17
Let k(o) = 18*o**2 + 1276*o - 141. Give k(-71).
1
Let u(i) = 7*i**3 + 2*i**2 - 261. Give u(0).
-261
Let w(n) = -n**3 - 15*n**2 + 24*n + 52. What is w(-10)?
-688
Let m(w) = w**2 + 16*w + 72. Determine m(-15).
57
Let l(t) = t**3 - 28*t**2 + 33*t + 43. Determine l(26).
-451
Let j(r) = -r**2 - 57*r - 24. Determine j(-6).
282
Let w(f) = 9*f - 16. Give w(0).
-16
Let a(r) = 3*r**3 + 46*r**2 + 20*r + 17. What is a(-15)?
-58
Let b(f) = 2*f**2 - 119*f - 416. What is b(64)?
160
Let t(h) = 3*h**3 - 16*h**2 - 505*h - 34. Give t(16).
78
Let m(v) = 2*v**3 - 25*v**2 + 9*v + 17. Give m(12).
-19
Let f(j) = -108*j + 529. What is f(17)?
-1307
Let d(q) = -4*q**2 + 81*q + 127. Give d(21).
64
Let f(o) = 14*o**2 + 280*o - 51. What is f(-21)?
243
Let t(d) = -2*d**3 - 95*d**2 - 51*d - 261. Calculate t(-47).
-73
Let a(o) = -25*o - 143. What is a(-21)?
382
Let n(q) = -q**2 + 144*q - 1927. Calculate n(15).
8
Let o(x) = 156*x